te the greatest common divisor of 9025 and 4100.
25
What is the highest common divisor of 21084 and 4368?
84
Calculate the greatest common divisor of 3703040 and 2560.
1280
Calculate the highest common factor of 2755 and 163115.
95
What is the greatest common divisor of 240 and 13488?
48
Calculate the greatest common factor of 1001 and 50687.
91
What is the greatest common divisor of 10 and 1092675?
5
What is the greatest common factor of 175459 and 79?
79
Calculate the highest common factor of 468420 and 3885.
555
Calculate the highest common divisor of 165 and 9975.
15
Calculate the highest common divisor of 71 and 1921757.
71
What is the highest common divisor of 855 and 3889566?
171
What is the greatest common factor of 335972 and 1420?
284
Calculate the greatest common factor of 2420 and 3783670.
1210
Calculate the highest common divisor of 98 and 756854.
98
What is the greatest common factor of 24 and 2457848?
8
What is the highest common divisor of 2 and 6875?
1
Calculate the highest common factor of 8944 and 197184.
208
Calculate the highest common factor of 276818 and 6807.
2269
What is the highest common factor of 30184 and 16?
8
Calculate the highest common divisor of 171500 and 11900.
700
Calculate the highest common factor of 70 and 624365.
35
What is the highest common divisor of 172 and 640184?
172
What is the highest common divisor of 124215 and 1560?
195
What is the greatest common factor of 286045 and 57?
19
Calculate the highest common divisor of 425 and 39125.
25
What is the greatest common divisor of 1704 and 2424?
24
What is the highest common factor of 158661 and 2023?
289
What is the greatest common divisor of 16621 and 44?
11
Calculate the highest common factor of 377 and 67483.
377
What is the greatest common factor of 10 and 15390?
10
What is the highest common factor of 112 and 213784?
8
Calculate the greatest common factor of 80 and 6352.
16
Calculate the greatest common factor of 11153 and 4.
1
What is the highest common factor of 3981492 and 18?
18
Calculate the highest common factor of 1630 and 434558.
326
Calculate the greatest common divisor of 3159 and 308124.
243
What is the greatest common factor of 6895 and 2240?
35
Calculate the greatest common divisor of 7062 and 198.
66
Calculate the greatest common divisor of 3131 and 682.
31
Calculate the greatest common divisor of 13733 and 65564.
443
Calculate the highest common divisor of 20 and 30335.
5
Calculate the greatest common factor of 400550 and 100.
50
Calculate the highest common factor of 3738 and 30.
6
Calculate the greatest common factor of 952 and 311192.
56
What is the highest common factor of 1771 and 14?
7
Calculate the highest common factor of 17794 and 350.
14
What is the highest common factor of 209500 and 5125?
125
Calculate the highest common factor of 4194648 and 136.
136
Calculate the highest common divisor of 4576388 and 326.
326
What is the greatest common factor of 1161 and 2279?
43
What is the highest common factor of 326 and 13406?
2
What is the highest common factor of 148452 and 278?
278
What is the highest common divisor of 301 and 53879?
301
What is the greatest common factor of 71550 and 4590?
270
Calculate the highest common divisor of 138578 and 22.
22
Calculate the greatest common divisor of 52 and 11258.
26
Calculate the greatest common divisor of 755316 and 36.
36
Calculate the highest common divisor of 15264 and 128736.
288
What is the greatest common divisor of 559 and 433698?
43
What is the highest common divisor of 1254 and 156332?
418
Calculate the greatest common factor of 33 and 135588.
3
What is the highest common divisor of 87776 and 3798?
422
What is the highest common factor of 607 and 1061643?
607
Calculate the highest common factor of 1398 and 1057587.
699
Calculate the highest common factor of 2240 and 1008.
112
What is the greatest common divisor of 43 and 181847?
43
Calculate the highest common factor of 36 and 2454804.
36
What is the greatest common factor of 12700 and 508?
508
Calculate the greatest common divisor of 290 and 9976.
58
Calculate the greatest common divisor of 96988 and 8.
4
What is the greatest common factor of 216047 and 26?
13
What is the highest common divisor of 81 and 153954?
27
Calculate the greatest common divisor of 30328 and 4237.
223
Calculate the highest common factor of 1314 and 7848.
18
Calculate the highest common factor of 4264160 and 290.
290
Calculate the highest common divisor of 112 and 47992.
56
Calculate the highest common divisor of 6734 and 26390.
182
What is the greatest common factor of 2457 and 39741?
39
Calculate the highest common factor of 3150 and 57778.
14
Calculate the highest common divisor of 154 and 214126.
22
What is the highest common factor of 9432 and 540?
36
Calculate the highest common factor of 11970 and 1155.
105
What is the greatest common divisor of 33 and 9647?
11
Calculate the greatest common factor of 3344 and 22895.
19
What is the highest common factor of 348485 and 5?
5
What is the greatest common divisor of 150 and 16550?
50
Calculate the greatest common divisor of 44 and 146861.
11
Calculate the highest common divisor of 374 and 14069.
11
What is the highest common divisor of 210 and 4547865?
105
Calculate the greatest common factor of 2436 and 768.
12
Calculate the greatest common divisor of 18227 and 44.
11
Calculate the greatest common factor of 6307 and 67575.
901
Calculate the highest common factor of 70 and 41328.
14
Calculate the greatest common divisor of 19 and 50.
1
What is the highest common factor of 4168 and 27613?
521
What is the greatest common divisor of 182 and 992173?
91
What is the highest common divisor of 92 and 15962?
46
Calculate the highest common divisor of 32 and 841040.
16
What is the greatest common factor of 249426 and 93?
93
Calculate the highest common factor of 2821 and 136617.
403
Calculate the greatest common factor of 166859 and 1694.
847
Calculate the greatest common factor of 1469 and 250634.
113
What is the highest common factor of 915 and 207705?
915
Calculate the highest common factor of 49848 and 335.
67
What is the greatest common divisor of 246 and 3786?
6
Calculate the greatest common factor of 748 and 25476.
44
Calculate the highest common divisor of 125 and 4850.
25
What is the highest common factor of 110930 and 170?
10
What is the greatest common factor of 111233 and 2?
1
Calculate the greatest common factor of 333490 and 10.
10
Calculate the highest common divisor of 32 and 86532.
4
What is the highest common factor of 1067 and 9409?
97
What is the greatest common factor of 42 and 210728?
14
What is the highest common divisor of 8978 and 1?
1
Calculate the greatest common divisor of 17046 and 15894.
18
What is the greatest common divisor of 75960 and 3960?
360
What is the greatest common divisor of 1309 and 27797?
77
Calculate the greatest common factor of 222 and 868020.
222
Calculate the greatest common divisor of 4032 and 3276.
252
Calculate the highest common divisor of 512 and 78976.
128
Calculate the highest common divisor of 264358 and 524.
262
What is the greatest common factor of 1070 and 227375?
535
Calculate the greatest common factor of 1811280 and 24.
24
What is the highest common divisor of 635 and 66421?
127
What is the greatest common divisor of 1964 and 366286?
982
Calculate the greatest common factor of 123 and 5097.
3
Calculate the greatest common factor of 47 and 141.
47
What is the greatest common factor of 2214 and 1394?
82
Calculate the greatest common divisor of 44765 and 35.
35
What is the greatest common factor of 14800 and 2405?
185
What is the greatest common divisor of 2814 and 139226?
134
What is the highest common divisor of 16978 and 26?
26
What is the highest common factor of 578975 and 25?
25
Calculate the greatest common factor of 60339 and 81.
3
Calculate the highest common divisor of 495 and 405075.
165
What is the greatest common factor of 18 and 4257?
9
What is the highest common factor of 27905 and 560?
5
What is the greatest common divisor of 4650 and 6300?
150
What is the greatest common divisor of 18796 and 30988?
508
Calculate the greatest common factor of 38475 and 1900.
475
Calculate the highest common divisor of 546 and 86177.
91
What is the h